What is the remainder when 88388 is divided by 6903?
5552
Calculate the remainder when 8988042 is divided by 2995982.
96
What is the remainder when 109717167 is divided by 88?
87
Calculate the remainder when 31118421 is divided by 6708.
9
Calculate the remainder when 9995 is divided by 9951.
44
What is the remainder when 57109 is divided by 13806?
1885
What is the remainder when 34247972 is divided by 93065?
52
Calculate the remainder when 227503463 is divided by 287.
285
What is the remainder when 289926 is divided by 3864?
126
Calculate the remainder when 198957 is divided by 43.
39
Calculate the remainder when 1103073 is divided by 689.
673
Calculate the remainder when 216408 is divided by 29928.
6912
What is the remainder when 7176480 is divided by 145?
140
What is the remainder when 8707125 is divided by 211?
210
Calculate the remainder when 15645580 is divided by 332883.
79
What is the remainder when 965522 is divided by 201?
119
Calculate the remainder when 1269832 is divided by 976.
56
Calculate the remainder when 26767976 is divided by 21.
11
Calculate the remainder when 11670 is divided by 1164.
30
Calculate the remainder when 7440 is divided by 6289.
1151
Calculate the remainder when 4678388 is divided by 753.
752
What is the remainder when 3122634 is divided by 6560?
74
What is the remainder when 6520275 is divided by 4010?
15
Calculate the remainder when 3119690 is divided by 1510.
30
Calculate the remainder when 10636376 is divided by 2948.
2940
Calculate the remainder when 69329566 is divided by 149.
15
Calculate the remainder when 1321383 is divided by 3263.
3131
What is the remainder when 13185089 is divided by 11943?
17
What is the remainder when 5438 is divided by 2669?
100
What is the remainder when 476519 is divided by 1344?
743
What is the remainder when 217977 is divided by 1492?
145
Calculate the remainder when 39747 is divided by 9112.
3299
What is the remainder when 136216 is divided by 4017?
3655
What is the remainder when 16843 is divided by 3273?
478
What is the remainder when 141454 is divided by 5883?
262
Calculate the remainder when 542438 is divided by 135500.
438
What is the remainder when 2094 is divided by 1761?
333
What is the remainder when 17255313 is divided by 5751755?
48
Calculate the remainder when 758167 is divided by 189493.
195
Calculate the remainder when 14181327 is divided by 3545322.
39
What is the remainder when 287732744 is divided by 10276169?
12
Calculate the remainder when 4563384 is divided by 499.
29
What is the remainder when 208027 is divided by 103952?
123
Calculate the remainder when 7132756 is divided by 3675.
3256
Calculate the remainder when 2258697 is divided by 760.
737
What is the remainder when 1773341 is divided by 1549?
1285
Calculate the remainder when 2746691 is divided by 777.
773
Calculate the remainder when 12415766 is divided by 13.
12
Calculate the remainder when 3016265 is divided by 2292.
2285
Calculate the remainder when 2725586 is divided by 12796.
38
Calculate the remainder when 191963 is divided by 9581.
343
Calculate the remainder when 3860562 is divided by 1874.
122
Calculate the remainder when 843710354 is divided by 569.
568
Calculate the remainder when 1438852 is divided by 57496.
1452
What is the remainder when 2695411 is divided by 1864?
67
What is the remainder when 88395 is divided by 8700?
1395
Calculate the remainder when 116049516 is divided by 271.
270
Calculate the remainder when 461187 is divided by 314.
235
Calculate the remainder when 2273548 is divided by 595.
53
What is the remainder when 1911729 is divided by 61?
50
What is the remainder when 130680 is divided by 43470?
270
Calculate the remainder when 2004179 is divided by 334027.
17
What is the remainder when 5504046 is divided by 790?
116
Calculate the remainder when 120563 is divided by 2624.
2483
What is the remainder when 380420 is divided by 11885?
100
What is the remainder when 27286 is divided by 131?
38
Calculate the remainder when 2129266 is divided by 128.
114
Calculate the remainder when 163714 is divided by 43.
13
Calculate the remainder when 64020646 is divided by 1294.
1290
What is the remainder when 2424234 is divided by 1744?
74
Calculate the remainder when 660607 is divided by 4525.
4482
What is the remainder when 2968838 is divided by 479?
475
Calculate the remainder when 43006 is divided by 2917.
2168
What is the remainder when 42852 is divided by 224?
68
Calculate the remainder when 18108933 is divided by 2494.
2493
Calculate the remainder when 1448999 is divided by 584.
95
Calculate the remainder when 34054 is divided by 1702.
14
Calculate the remainder when 5189074 is divided by 138.
136
What is the remainder when 12481143 is divided by 3941?
3937
Calculate the remainder when 21872690 is divided by 6177.
6110
Calculate the remainder when 1393472 is divided by 219.
194
What is the remainder when 269605 is divided by 359?
355
Calculate the remainder when 624810 is divided by 1838.
1728
Calculate the remainder when 441778 is divided by 18404.
82
Calculate the remainder when 464079936 is divided by 729.
723
What is the remainder when 103813652 is divided by 51906821?
10
Calculate the remainder when 2783170 is divided by 996.
346
Calculate the remainder when 9801224 is divided by 343.
342
Calculate the remainder when 8011747 is divided by 24.
19
What is the remainder when 15261075 is divided by 33?
27
Calculate the remainder when 20516846 is divided by 23.
18
What is the remainder when 868069 is divided by 97?
16
What is the remainder when 49356 is divided by 46110?
3246
Calculate the remainder when 8845835 is divided by 128.
11
Calculate the remainder when 111203 is divided by 1151.
707
What is the remainder when 1866 is divided by 861?
144
What is the remainder when 1454033 is divided by 1453923?
110
What is the remainder when 2139290 is divided by 300?
290
Calculate the remainder when 467062 is divided by 93080.
1662
What is the remainder when 400755062 is divided by 113?
110
Calculate the remainder when 2400327 is divided by 5.
2
Calculate the remainder when 1083400 is divided by 1756.
1704
What is the remainder when 60210 is divided by 27352?
5506
What is the remainder when 3692486 is divided by 1230821?
23
Calculate the remainder when 112153681 is divided by 12461520.
1
What is the remainder when 930035 is divided by 931?
897
What is the remainder when 582038 is divided by 101?
76
What is the remainder when 267533 is divided by 2848?
2669
Calculate the remainder when 2709035 is divided by 742.
735
Calculate the remainder when 129833048 is divided by 410.
398
Calculate the remainder when 2513227 is divided by 2512770.
457
What is the remainder when 383911 is divided by 191520?
871
What is the remainder when 6065833 is divided by 1958?
1907
Calculate the remainder when 5338476 is divided by 1744.
92
What is the remainder when 39254168 is divided by 671?
668
Calculate the remainder when 26506755 is divided by 1559208.
219
Calculate the remainder when 2154625 is divided by 16574.
5
What is the remainder when 183754 is divided by 20215?
1819
What is the remainder when 310096 is divided by 89?
20
Calculate the remainder when 4839691 is divided by 306.
301
Calculate the remainder when 331153 is divided by 82750.
153
What is the remainder when 8790 is divided by 80?
70
Calculate the remainder when 714437 is divided by 136.
29
What is the remainder when 35014 is divided by 1098?
976
What is the remainder when 99774 is divided by 1463?
290
What is the remainder when 60262251 is divided by 1941?
24
What is the remainder when 12514947 is divided by 1940?
7
What is the remainder when 163293 is divided by 2769?
2691
What is the remainder when 1054705 is divided by 1511?
27
What is the remainder when 1026 is divided by 381?
264
Calculate the remainder when 13366 is divided by 2671.
11
Calculate the remainder when 159044 is divided by 3461.
3299
What is the remainder when 67040823 is divided by 453?
447
Calculate the remainder when 2060341 is divided by 23.
1
What is the remainder when 2137123 is divided by 3796?
3771
Calculate the remainder when 508294 is divided by 254146.
2
What is the remainder when 66898495 is divided by 1202?
1185
Calculate the remainder when 24408 is divi